43563. Is c prime?
False
Suppose -3*c = -11 - 10. Let w = c - 1. Suppose -w*b - 2397 = -9*b. Is b a prime number?
False
Suppose -5*v + v = 0. Suppose -4*k + 3*y + 1168 = v, 2*k + 3*y - 2*y - 574 = 0. Is k composite?
True
Let v(i) = 2588*i - 799. Is v(21) a composite number?
False
Let w(g) = -297*g - 217. Let q(s) = -149*s - 110. Let i(n) = -7*q(n) + 4*w(n). Is i(-9) a prime number?
False
Suppose 7*g = 5*g + 3*p + 2261, 4*p = -3*g + 3383. Suppose -i = -g - 745. Let w = -1067 + i. Is w prime?
False
Let g(r) = -15*r + 65999. Is g(0) composite?
True
Suppose 9*a - 9 = 45. Let w(r) = 22*r**3 - r**2 + r. Let q be w(a). Is (1 + 1)/(4/q*3) prime?
True
Suppose 5*d - 384955 = 112600. Is d prime?
False
Let n = 1342823 - 233392. Is n a prime number?
True
Let p(k) = k**3 + 54*k**2 - 367*k - 74. Is p(-55) a prime number?
False
Let v be (-2)/5 + 220896/15. Let g = 21753 - v. Is g prime?
True
Suppose -5*m - 126 = -4*z, 0 = -z + 2*z + 4*m - 42. Let w be (-4)/z - (-412)/34. Suppose -w*o + 561 = -4323. Is o a composite number?
True
Let n(k) = 5*k + 2. Let d be n(0). Is (-14486)/(-5) + 33/(-15) + d prime?
True
Is 149/298*(-2154)/(-3)*3 composite?
True
Let f(k) = 19*k**3 + 4*k**2 + 17*k - 13. Let w be (-6)/(((-1)/1)/(3/3)). Let l be f(w). Let y = l + -1558. Is y prime?
False
Is ((-225)/25)/9*-239651 prime?
False
Let w(q) = 410*q**2 + q - 3. Suppose -2*d - y + 2*y + 3 = 0, 3*y = 4*d - 5. Let p be w(d). Suppose 0 = -4*o + p + 1909. Is o prime?
True
Let m(p) = 4*p - 28. Let b be m(9). Suppose -b*w + 3*w + 12055 = 0. Is w a composite number?
False
Let c be (-63574 - (0 - 1))/(-3) - -3. Suppose c = 10*y - 18476. Is y prime?
True
Is 275412 + 2 + (25 - 12 - 8) a prime number?
True
Suppose 2*l - 2 = 0, l = 5*b + 2*l - 26. Suppose 2*c - 3*m - b = -6, 10 = 2*m. Suppose -c*p + 36843 = -16420. Is p composite?
True
Let m = -117720 - -268873. Is m a composite number?
False
Let o be ((-18)/36)/(((-14)/(-4))/(-7)). Is 167524/168 - o/6 a prime number?
True
Suppose -5*b + 5*d + 3470 = 0, 0 = 2*b + 3*d - 8*d - 1382. Let h be -4 - (b/(-4) - 2). Suppose -144 - h = -4*t. Is t a prime number?
True
Suppose 3*c - 11721 = -3*z - 39222, 5 = -5*c. Let i = z + 16205. Is i composite?
False
Suppose l - 5*l = -348. Let o = l + -199. Is 0 + (1 - 2 - o) composite?
True
Suppose 0 = -3*p - 10 + 10. Suppose p = -4*z + 5*u + 327, 5*u = -4*z + 49 + 328. Let o = z + 69. Is o composite?
False
Is ((-2)/(-18))/((-24063346)/13750488 - (-546)/312) a composite number?
False
Let r(q) = 76*q - 17. Let h be r(10). Suppose g = 0, -3*d = -4*d - 2*g + h. Is d prime?
True
Let n = -1134 - -1647. Let y = n + -828. Let g = -78 - y. Is g a prime number?
False
Let n(w) = 2*w - 30. Let z(d) = -2*d + 31. Let v(s) = -4*n(s) - 3*z(s). Let g be v(12). Suppose -g*x - 199 + 6784 = 0. Is x a prime number?
False
Let w = 458 - 455. Suppose 3445 = a - w*o, 17157 = -3*a + 8*a + 2*o. Is a prime?
True
Let g be (2 - (-28)/(-12))/(2/(-73986)). Suppose -3*u + 9227 = 2*s, -5*u + 3*s + g = -u. Is u prime?
True
Let g be 1215/5 + 4 - 5. Suppose -2*y = 9*y + g. Is y/3*(-1479)/34 a composite number?
True
Let u(l) be the third derivative of -l**6/60 - 11*l**5/60 - 5*l**4/8 - 35*l**3/6 + 17*l**2 + l. Is u(-12) composite?
False
Let k = 450 + -448. Suppose 13*h - 90584 = -4*l + 12*h, 3*h = -k*l + 45282. Is l composite?
True
Suppose -67 = 5*q + 53. Let x be (0 + -2)/((-12)/q). Is 76 - (11 - x)/(-5) composite?
False
Let t be (0 - (-443644)/44) + (-8)/(-44). Suppose 2*m = -2*f + 4182, -5*m = 4*f - 371 - t. Suppose -3*l + m = -1687. Is l a prime number?
True
Let q = 970 - 459. Let i = q + 3898. Is i prime?
True
Suppose -3518 = 32*b - 34*b. Suppose -3808 = -h + 5*h. Let l = b + h. Is l composite?
True
Is 3 + (1695460/91 - -9)*14 a composite number?
False
Suppose 4*l = -0*l + y + 25, 0 = l - 5*y - 30. Let m(s) = 1 + 8*s - 7*s**2 + s**3 + 20*s**2 + l + 1. Is m(-12) composite?
True
Let w be 4 - (-4 + 0 + -1429*9). Suppose -5*v = -7686 - w. Is v a prime number?
True
Let g(l) = l**2 - 24*l + 30. Let v be g(13). Let u = 838 - 348. Let x = u + v. Is x prime?
False
Suppose 3*n + 2*k + 10324 = 4*n, 20672 = 2*n + 4*k. Suppose -n - 1560 = -10*u. Is u a composite number?
True
Let g = 44 - 42. Suppose 0 = 3*x + 6, 13 + 13 = -5*w + g*x. Is ((-842)/w)/((-4)/(-60)) a composite number?
True
Let c = -13523 + 30922. Is c prime?
False
Is (-3039)/((51/(-340))/((-3)/(-6))) + 3 a composite number?
False
Is 11/(847/(-42)) + 2738687/11 composite?
False
Is 148/(-3478) + (-5297750)/(-94) composite?
False
Let h be 7/((-21)/(-6)) + 2 - -2. Suppose h*m + 1921 = 14695. Is m prime?
True
Suppose -42*v + 23*v + 4132905 = 86*v. Is v composite?
True
Suppose -2*l + i + 14 = 0, 3*l - i - 5 = 15. Suppose 5106 + 3060 = l*p. Is p a prime number?
True
Suppose -62*p + 56*p = -163122. Suppose j - 11368 = -5*b + p, 2*j = 0. Is b composite?
True
Let f be (-66)/(-18) + 1/3. Let l(t) = -t - 1 - f - 9*t - 2 + 9*t**2. Is l(-6) composite?
True
Suppose -3*y + 30 = 3*v, 3*v - 3*y + y = 10. Let o = -7 + v. Is (-2)/(-12) - (-267)/(-18)*o composite?
True
Suppose -86*f + 35*f + 204 = 0. Suppose -f*p + 2716 = -1448. Is p prime?
False
Let w = 377 + -372. Suppose -w*d + 6*z = z - 132790, -5 = 5*z. Is d composite?
False
Let m(z) = 246*z**3 + 8*z**2 + 2*z + 137. Is m(9) a prime number?
True
Let w(r) = -r**2 + 15*r + 2. Let a be w(15). Suppose 4*b = 0, 0 = 4*o + a*b - 4*b - 34948. Is o prime?
True
Is (-1)/((126/(-4701228))/((-3)/(-2))) composite?
False
Let n(l) = -3*l**3 - 5*l**2 + 10*l - 11. Suppose 6 = -2*u - 14. Let j be n(u). Let w = j + -1298. Is w composite?
False
Suppose 2*b - h + 272 = 0, 4*b - 6*b - 5*h - 260 = 0. Is 15/b - (-34390)/9 prime?
True
Let l(j) = j**3 + 14*j**2 + 23*j + 1. Let d be l(-12). Suppose 12*n = d*n + 18. Let x(y) = -130*y + 31. Is x(n) a prime number?
True
Let w be ((-7828)/12 - 5)*3/(-2). Let g = 33 + -28. Suppose -b - 5*t + w = 0, 526 = 2*b + g*t - 1431. Is b a composite number?
False
Let a be 168/48 + (-3)/2. Suppose -70 = a*m - 74. Suppose 3*l - 3530 = -m*v, 5*v - 4*l - 8775 = l. Is v a prime number?
True
Suppose -z - 2027753 = -5*q, 0*z - 10 = -5*z. Is q a prime number?
False
Suppose 52 + 145 = -k. Let p = -110 + k. Is 8/20*p*15/(-6) a composite number?
False
Let o = -803780 + 2056947. Is o a prime number?
True
Let i(y) be the first derivative of 1651*y**4/4 - y**3/3 - 3*y**2/2 + 2*y - 9. Let l be (-4 + (0 - -5))*(-2 + 3). Is i(l) prime?
False
Suppose -3*x + 6 - 2 = -y, -x = -y. Suppose 2*w - 2*f + 6333 = 3*w, -5*w + x*f = -31665. Is w prime?
False
Let f be 1/(1 + 903/(-906)) - 1. Is (6 - f/49) + (-2032)/(-14) a prime number?
False
Suppose 206*p = 92*p + 93*p + 19053237. Is p composite?
False
Suppose -117*l + 116*l + 1 = 0, -2*r + 268412 = -2*l. Is r prime?
True
Let x be ((-48)/60)/(4/(-150)). Suppose 2*a + 34 = 3*z, -18 = -5*z - a + x. Suppose -z*f = -15*f + 1465. Is f prime?
True
Let w(o) = 41*o + 20. Let a = -68 + 75. Is w(a) prime?
True
Let v = 76 - 13. Suppose 0 = v*g - 59*g - 12932. Is g composite?
True
Is (-18)/(-48) + 286090/16 + 0/18 a composite number?
False
Suppose -1 = l - 3. Suppose -3035 - 135 = -l*w. Is w prime?
False
Let t(l) = 12*l**3 - 22*l**2 - 14*l + 5. Is t(15) a prime number?
False
Let l = 275 - 184. Let f = 4 - 0. Suppose f*a - 4377 = l. Is a a composite number?
False
Let o(x) = 6529*x**3 - x**2 + 34*x - 137. Is o(4) prime?
True
Suppose -92898808 = -787*n + 25905138. Is n a composite number?
True
Suppose 6 = 5*z - 4. Suppose -3*m + 5*i = -103 - 669, 0 = z*i - 2. Is m a composite number?
True
Let z(b) = -2*b**3 - 20*b**2 + 22*b + 4. Let l be z(-11). Suppose 3*c + c = -4*j + 1372, -l*j + c = -1387. Is j a prime number?
False
Suppose 8*o - 677527 = -x, 12*o - 17*o = 4*x - 423451. Is o composite?
False
Suppose -3*l = 3*q - 6, -8*q = -3*q + l - 2. Suppose q = -3*k + 6*k - 90. Is 145/k*-1*-174 prime?
False
Is 378321/3 - (21 - 11) a composite number?
False
Let h(f) = -2*f**3 - 10*f**2 - 11*f - 23. Let n be (-6 + 2)/(-6*6/(-72)). Is h(n) composite?
False
Let f = 9898 + -4751. Is f a prime number?
True
Let q = 6937 - 6927. Let o(g) = 113*g**2 + 3*g - 6. Let y be o(4). Suppose q*i = 296 + y. Is i composite?
False
Is (-6287)/2*(-24 + 26)*-1 composite?
False
Suppose 5*l - 847491 - 19235 = -9*l. Is l a prime number?
True
Suppose 0*t - 473 = t. Let m = -221 - t. Let 